 the units digit of i?
5
Let t(l) = 6*l + 1. Let o(f) = -7*f + 2. Let m(n) = -7*n + 1. Let k(d) = 3*m(d) - 2*o(d). Let x(i) = 5*k(i) + 6*t(i). What is the units digit of x(8)?
9
Let q be -2 + (-3 - -5) - -3. Suppose 3*c - q*b = 2*b + 159, c - 3*b = 49. What is the tens digit of c?
5
Let z be 104/3*6/4. Let n = z - -90. What is the hundreds digit of n?
1
Let x(l) = 4*l + 2. Suppose -y = 4*y - 45. Let w = y + -8. What is the units digit of x(w)?
6
Let l(u) = u**2 + 3*u - u**2 - 2 + u**2. Suppose 4*m = -5*p - 9, -m + p + 13 - 4 = 0. What is the tens digit of l(m)?
2
Let k = -2719 + 4648. What is the thousands digit of k?
1
Let p = 133 + -137. What is the tens digit of (-1106)/p + (-8)/96*-6?
7
Suppose 3*i + i - 4800 = 0. Suppose 3*k - i = -2*k. Suppose -k + 90 = -3*a. What is the tens digit of a?
5
Let q(o) = 2*o**2 - 5*o + 3. Let j(v) = v**2 - 2*v + 1. Let d(r) = 7*j(r) - 3*q(r). Let s be d(-2). What is the units digit of (-4)/(s - 4) - -19?
0
Let o(c) = -9*c - 1. Let g be o(-1). Suppose 4*d - 5 = -w, 4*d = 4*w + g + 12. What is the units digit of d?
2
Let k be (315/(-10))/(2/(-4)). Let y = 263 + k. What is the hundreds digit of y?
3
Suppose 18*m = 1374 + 2568. What is the hundreds digit of m?
2
Let l(g) be the first derivative of -13/2*g**2 - 2 + 15*g - 1/3*g**3. What is the units digit of l(-13)?
5
Let y(b) = -292*b + 302. What is the hundreds digit of y(-7)?
3
Let s(m) = -m**2 - 7*m - 4. Let x be s(-6). Let w(k) = -1 - 6*k**x + 4*k**2 - k**2 + 2*k + 4*k**2. What is the units digit of w(3)?
4
Suppose -4*k + 4 = 2*z - 9*k, -z - 2*k + 11 = 0. Let o(q) = q**2 + 15*q - 1. What is the hundreds digit of o(z)?
1
Let r = 33 + -13. Let u be r*-22*2/(-16). Suppose -c - 7 = -u. What is the tens digit of c?
4
Let w = 33 - 46. Let c = 154 + w. What is the units digit of c?
1
Let r(s) = -s**2 + 122*s - 105. What is the thousands digit of r(48)?
3
Suppose 3*p = 0, 3*p - 1239 = -0*x - 3*x. What is the hundreds digit of x?
4
Let y be (-2 + 4)/(2/4). Let r be ((-6)/4)/(y/(-8)). Suppose 0 = r*s - 3, -19 = -i - 2*s + 1. What is the units digit of i?
8
Let l(i) = -i**2 - 46*i + 16. What is the units digit of l(-22)?
4
Let o(p) = p + 618. Let k be o(0). Suppose s - k = h + 164, 0 = -2*h + 2. What is the units digit of 50/(-275) - s/(-11)?
1
Suppose 5*d - 479 = 556. What is the hundreds digit of d?
2
Suppose 4*b + 998 = -3*f, -b + 872 = 5*f + 2541. Let l = f - -472. What is the tens digit of l?
3
Suppose -5*g + 11*g - 90 = 0. Suppose -5*i + g = -5. Suppose 3*p - 4*j - 92 = 0, 0 = i*p + 2*j - 7 - 123. What is the tens digit of p?
3
Let t be 6/4*10/3. Suppose -7*x + 296 = -t*x. What is the tens digit of x?
4
Suppose -6*p = m - 3*p + 3, -4*p - 8 = 0. Let l(o) = -2*o + m - 2 - o**3 - 11*o**2 + 0*o + 2. What is the units digit of l(-11)?
5
Let j = 445 + -423. What is the tens digit of j?
2
Let r(b) = 3*b - 6*b + 7 + 2*b. What is the units digit of r(-7)?
4
Let o(u) = 4*u - 46. Let p be o(14). Suppose 55 = p*f - 265. What is the units digit of f?
2
Let t be -9*44/(-60)*25. Suppose 2*z = -t + 527. What is the units digit of z?
1
Suppose -4*d = 2*p - 18 - 4, 0 = -5*p - 3*d + 34. Suppose 6*y + u = 2*y - 205, -3*u + 99 = -2*y. What is the tens digit of (-9 + p)*y/6?
3
Let p(t) = 2*t**2 - 26*t - 195. What is the tens digit of p(-6)?
3
Suppose 2*z - 285 = -3*z. Suppose -x = -p - 4, 3*p = 3*x - x - 9. Suppose 0*u - 4*u + 139 = x*n, n + 4*u = z. What is the units digit of n?
1
Suppose -3*k + 2589 = 7*x - 3*x, 2*k + 10 = 0. What is the hundreds digit of x?
6
Let l = -5 + 11. Let v be (-5 - -5) + l*2. What is the units digit of 176/v + 4/(-6)?
4
Suppose -4*d + 5*d - 604 = -c, c - 2*d = 589. What is the hundreds digit of c?
5
Suppose 3*q + 2*t + 0 + 4 = 0, 0 = 3*q - 5*t - 10. Suppose -3*c = -3*k - 30, -2*c - k + 20 = -q*c. What is the units digit of c/25 - (-68)/5?
4
Let g = -18 - -41. Suppose -50 = 28*l - g*l. What is the units digit of (4/l)/(4/(-40))?
4
What is the units digit of (1434 - -18)/(14/35)?
0
Let d(m) = -m**3 - 9*m**2 - 3*m - 5. Suppose -5*p - 35 = -3*x, -p + 4*x + x + 15 = 0. What is the hundreds digit of d(p)?
1
Suppose -3*v - 472 = -4*v - 5*o, 4*v - 1963 = -5*o. What is the hundreds digit of v?
4
Let y be (-3 + (-20)/(-5))/(2/(-150)). What is the units digit of (0 + -172)*(y/(-20) + -4)?
3
Let q(v) = -v - 3. Let n(p) = p**3 - 14*p**2 - 14*p - 8. Let b be n(15). Let m be q(b). Let g = m - -26. What is the tens digit of g?
1
Let h(s) = 130*s**3 + 2*s**2 + s - 3. What is the units digit of h(1)?
0
Let h(w) = -w - 8. Let u be h(-13). Let j = u - 2. What is the units digit of j?
3
Suppose 698 = 4*k - 2*r - 484, -2*r + 2 = 0. Let a = -88 + k. What is the tens digit of (-3)/(-9) + a/6?
3
Let g(m) = -m**3 - 6*m**2 - m - 2. Let p be g(-6). Suppose -3*a = z - 4*z - 351, p*a - 477 = -5*z. What is the tens digit of a?
1
What is the hundreds digit of (-18)/4*(-312)/9?
1
Suppose 7*g = 429 - 5217. What is the tens digit of (4/12)/((-3)/g)?
7
Let n = 190 - -536. What is the tens digit of n?
2
Let u = 994 - 951. What is the units digit of u?
3
Let h be (-2 - 0/(-1)) + -1. Let b = 3 + h. Suppose b = 3*x - 10 + 1. What is the units digit of x?
3
Let o be 6/(1*7/2 + -2). Suppose o*i - 61 = -u + 25, -u = -5*i - 41. What is the tens digit of u?
6
What is the tens digit of ((-24)/(-40))/(3/5715)?
4
Suppose -515 = -4*n + w, -2*w + 3*w = 2*n - 257. What is the tens digit of n?
2
Suppose j = 2*g - 429, 2*g - 36*j - 444 = -32*j. What is the units digit of g?
2
Let s = -3302 + 5686. What is the hundreds digit of s?
3
Let s = -943 - -2359. What is the thousands digit of s?
1
Let f(m) = 2*m**3 + 3*m**2 - 6*m + 1. Let j be f(4). Suppose 0 = 5*p + 4*t - j, -3*p - 3*t + 10 = -83. Let v = -3 + p. What is the units digit of v?
6
Let b(i) = -12*i**2 - 2*i - 9. Let j(h) = 6*h**2 + h + 4. Let f(y) = -3*b(y) - 5*j(y). What is the units digit of f(-4)?
9
Let z(v) = -7*v**2 - 2*v - 13. Let y be z(7). What is the hundreds digit of 1*10*y/(-25)?
1
Let c(s) = s**2 + 24*s - 104. What is the units digit of c(4)?
8
Let l = 414 - -996. What is the hundreds digit of l?
4
Let j(r) = -r**3 + 15*r**2 - 15*r + 14. Let p be j(14). Suppose 0*i + 3*z + 263 = 5*i, p = 5*i + z - 279. What is the units digit of i?
5
What is the thousands digit of 7426*(0 + 5 + (-90)/20)?
3
Let c(n) = n**3 + n**2 - 5*n. Let f be -10*6/(-15)*1. What is the units digit of c(f)?
0
Suppose 10 = -5*v, -5*s - 18 = -4*v + 19. Let k be (-16)/12*63/14. What is the units digit of s/k - 2/(-4)?
2
Suppose 2*c - 4*x = 0, -2*x = -4*c - 4*x. What is the tens digit of (-2 - c) + 69 - 2?
6
Let z(r) = r**3 - 9*r**2 + 3*r**2 + 5*r**2 + 3*r**3 + 4. Let p be z(-2). Let a = -5 - p. What is the tens digit of a?
2
Let j(q) be the third derivative of 9*q**4/4 - 7*q**2. What is the tens digit of j(1)?
5
Suppose -5*y + 276 + 489 = 0. What is the hundreds digit of y?
1
Let v be (-112)/(-12)*9/6. What is the units digit of v*3 - (-4)/(7 + -9)?
0
Let j = -154 + 162. Suppose j*u - 2709 = -u. What is the hundreds digit of u?
3
Let v = -20 + 68. Let o = v + -2. What is the units digit of o?
6
Suppose 3 - 93 = -5*b. What is the tens digit of 12/b + (-488)/(-6)?
8
What is the thousands digit of (-10595)/(-135)*42 + 4/(-18)?
3
Suppose -22*d + 31633 = -10893. What is the thousands digit of d?
1
Suppose 130*l = 208*l - 285870. What is the tens digit of l?
6
Let d = -6 - -8. Let r be ((-28)/16)/(d/8). What is the units digit of r/(28/(-8)) + 35?
7
Suppose 9 = 3*f, c - 298 = 4*f - 48. What is the tens digit of c?
6
Let p(f) = 35 + 61*f**2 - 3*f + 4*f + f**3 - 60*f**2. Suppose -2*i = 2*q + 4, -i + 1 - 3 = 2*q. What is the units digit of p(q)?
5
What is the tens digit of (1010 + -9 - 1) + 3?
0
Suppose -2 - 1 = 3*p - m, -4*p - m = 11. Let f be 2 - -2*p/2. Suppose -4*d - 154 = -5*i, f*d - 95 = -3*i + 5*d. What is the tens digit of i?
3
Let v = -2494 + 4608. What is the tens digit of v?
1
Let h(p) = -9*p**3 + 2*p**2 - p - 2. Let n be h(-1). Let s = n - -14. What is the tens digit of s?
2
Let i(u) = -114*u - 1. What is the tens digit of i(-6)?
8
What is the tens digit of (-304)/40 + 8 - (-6496)/10?
5
Let s(m) = m**2 + 6*m - 6. Suppose 5*p + 7 = 27. Let n be s(p). Let r = n - 13. What is the units digit of r?
1
Let p = 1369 - 972. Let n = p + -263. What is the tens digit of n?
3
Let